et g = 117 + -80. What is the greatest common factor of 37 and g?
37
Let h(v) = 9*v**2 - 7*v + 6. Let t be h(2). Suppose -k - 19 = -t. What is the highest common divisor of 9 and k?
9
Suppose 4*g - 240 = 2*c, -3*g + 180 = 2*c + 3*c. Let u(z) = -2*z**2 - 22*z + 12. Let k be u(-11). What is the highest common divisor of g and k?
12
Suppose -m + 5*m = 308. Suppose 13 = h + 2*l, -4*h + 12 = -3*h + l. Let q = h + -4. What is the highest common divisor of m and q?
7
Let v be (-16)/(-3)*((-984)/(-48) + -1). Calculate the greatest common divisor of v and 5512.
104
Let f(b) = 4*b**3 - 7*b**2 + 3*b - 22. Let o be f(5). Calculate the highest common divisor of 6 and o.
6
Let u = 1 + 0. Let z be 9/(-2)*(-5)/(45/18). Suppose -24 = -17*j + z*j. Calculate the greatest common divisor of j and u.
1
Let l(h) = h**2 - 1. Let p be l(-2). Let k be 0 - ((-10 - -2) + 3). Suppose f - 5 = -k*r + 38, 4*r - 32 = -2*f. Calculate the highest common factor of r and p.
3
Let z be (6 - 6) + (-4 + -4)*-5. Calculate the highest common factor of z and 25.
5
Let n be 1/4 + 1916/16. Let i be 290/14 - 18/(-63). Let x = 9 + i. What is the highest common divisor of x and n?
30
Let t = 61 - -12. Let o = 118 - t. Calculate the greatest common factor of o and 9.
9
Suppose -20*v + 50*v = 1080. Calculate the greatest common divisor of v and 732.
12
Let c = -6 + 8. Suppose -12 = -4*j - 2*k, j + 3*j - 3*k = c. Let i be 38/(-19)*(-23)/j. What is the greatest common divisor of i and 69?
23
Let j be (4 + (-44)/8)/((-3)/42). What is the greatest common divisor of 112 and j?
7
Let o be (-40)/((-1)/1) + 0. Suppose -n = 3*n - o. What is the greatest common divisor of 80 and n?
10
Suppose m = -4*b + 6*m + 45, 4*b - 35 = 3*m. Suppose -d = b*i - 155, 5*i = -2*d + 126 + 189. Calculate the greatest common divisor of d and 32.
32
Suppose 4*y + t = 177, 15 = 8*t - 5*t. Calculate the greatest common divisor of y and 172.
43
Let i(r) = r**2 - 4*r - 1. Let d be i(6). Let k be (9/(-12))/((-1)/(-4)). Let v be 524/12 + (-1)/k. What is the greatest common factor of d and v?
11
Let r be 3 - (4 + 1 + -2). Suppose r*s + 48 = 8*s. Calculate the highest common factor of s and 6.
6
Let n be (2 - -4) + (-3060)/(-34). Calculate the highest common factor of n and 300.
12
Suppose -64 = -11*a + 6*a + 4*u, -a + 32 = 4*u. Suppose -3*s - 640 = -8*s. Calculate the highest common divisor of s and a.
16
Let c be ((-5)/3)/((-12)/36). Suppose -c*i = 2*r - 4*r, -r = -2*i + 1. Let s be (34/i)/((-1)/2). What is the greatest common factor of 85 and s?
17
Suppose -w = 2*y - 8, 3*w + 0*w - 29 = -5*y. Suppose -5*a + 51 = -4*d, -41 = -5*a - 3*d - w. What is the highest common factor of 7 and a?
7
Suppose 0 = -5*n - 3*g + 21, -27 = -4*n + 4*g - 3*g. Suppose -2*l = l - n. Let a be (4/10)/(2/10). Calculate the highest common factor of a and l.
2
Suppose 7 = 4*q - 33. Suppose 4 - q = -m. Suppose 22 = m*n - 5*n. Calculate the greatest common divisor of n and 198.
22
Let w = -64 - -68. Let a be (-6)/(-1) + (15 - 11). Calculate the greatest common divisor of a and w.
2
Let m(h) = -32*h + 336. Let j be m(10). What is the greatest common divisor of j and 24?
8
Let v(h) = -4*h - 8. Let k(p) = -5*p - 9. Let m(i) = -6*k(i) + 5*v(i). Let n be m(-9). Let f = 23 - n. What is the highest common divisor of 11 and f?
11
Let n = 718 - 672. What is the highest common divisor of n and 207?
23
Suppose -w + 43 = 3*v, 3 = 6*w - 3*w. Suppose 0 = -24*z - 947 + 2963. What is the greatest common divisor of v and z?
14
Let t be (36/(-10))/((-3)/105). Suppose 0 = 3*i - 6*i + t. Calculate the highest common factor of 14 and i.
14
Suppose 0 = f + 3*y - 57, -5*y + 11 = 2*f - 106. Calculate the highest common divisor of 88 and f.
22
Let d(h) = h**3 + 19*h**2 - 19*h + 39. Let r be d(-20). Let t = 64 - r. What is the greatest common factor of 15 and t?
15
Let y be 12/5*(-525)/(-10). What is the highest common divisor of 90 and y?
18
Suppose c + c + 10 = 0, c - 43 = -4*z. Suppose z*g - 66 = 9*g. What is the greatest common divisor of 154 and g?
22
Suppose -10*r + 79 = -91. Calculate the highest common factor of r and 119.
17
Let g be (-198)/(-3)*1/2. Let a(u) = -2*u - 9 + 26*u**2 + 20 - 27*u**2. Let b be a(0). Calculate the greatest common divisor of g and b.
11
Let b(p) = 3*p - 10. Let g be b(6). Suppose -7*z + 92 = g. Calculate the highest common factor of 4 and z.
4
Suppose 0 = -o - 4*n + 17 + 11, 5*o - 106 = -3*n. Let w(h) = 8*h**2 - 2*h + 2. Let x be w(2). Calculate the highest common factor of o and x.
10
Suppose -2*i = -t - 3 + 5, -3*t + 6 = 5*i. Suppose -w + y + t*y = -44, -12 = -3*y. What is the greatest common factor of 7 and w?
7
Suppose 21*h - 148*h = -25146. What is the greatest common divisor of 54 and h?
18
Let q = 57 - 51. Let d(v) = -v**2 + 5*v + 8. Let w be d(q). Let n(h) = -h**3. Let f be n(-1). Calculate the highest common factor of f and w.
1
Let r be (6*1)/((-39)/(-130)). Suppose -5*x = 16 - 6. Let c = 12 + x. What is the highest common factor of r and c?
10
Let t(r) = r**2 - 17*r + 14. Let p be t(16). Let u(s) = 3*s**2 + 3*s + 2. Let n be u(p). Calculate the highest common divisor of 64 and n.
8
Suppose -3*v + 2*v = 2*h - 7, -2*v - 26 = -6*h. What is the greatest common divisor of h and 16?
4
Suppose -2*a = z - 19, 0 = -0*a + a - 3. Calculate the greatest common factor of 52 and z.
13
Suppose -3*w + 9*q - 4*q = -993, -5*w - 2*q = -1686. What is the greatest common divisor of 252 and w?
84
Let l = 37 - -19. Let o be 2/((-1 - -3)/8). Calculate the greatest common factor of l and o.
8
Let p be (24/(-15))/(2/(-35)). Let q = -18 + p. Let g = -7908 + 7998. Calculate the greatest common divisor of q and g.
10
Let o(f) = f**2 + 9*f - 4. Let m(a) = a**2 - a + 3. Let p be m(-3). Suppose p*i - 13*i = -28. Let u be o(i). Calculate the highest common factor of 22 and u.
22
Let s = 18 - 3. Suppose -3*p = 2*p - s. Let t be ((0 - -2)*-2)/((-1464)/12078). Calculate the greatest common factor of p and t.
3
Suppose -16*m = -10*m - 360. Let g be (54/(-8))/((-15)/m). What is the highest common divisor of 18 and g?
9
Let x(k) = 5*k + 3. Let u be x(5). Let z(n) = 12*n - 6. Let d be z(4). Calculate the highest common divisor of d and u.
14
Let l(p) = p**3 - 4*p**2 + 6*p - 6. Let g be l(4). Suppose 11*i - 88 = 3*i. Let c = 155 - i. What is the greatest common factor of g and c?
18
Let d = -14 - -22. Suppose 3*h + 2*h + r - 106 = 0, d = -2*r. Let a be 2/4 + 1067/h. Calculate the highest common divisor of 7 and a.
7
Suppose -4*m + d + 171 = -16, -71 = -2*m + 5*d. What is the highest common divisor of 432 and m?
48
Let k = 81 + -78. Suppose k*r - 1050 = -7*r. Calculate the greatest common divisor of r and 15.
15
Suppose 91 = 7*c - 35. Let v(p) = -p**3 + 7*p**2 - p + 12. Let z be v(7). Suppose -53 + z = -8*k. What is the highest common divisor of c and k?
6
Let l = -132 - -147. Calculate the highest common factor of l and 285.
15
Suppose -95 = f - 2. Let j = f + 125. Calculate the highest common factor of j and 4.
4
Let b be 6/(-9) - (-10)/6. Let j be b + -4 + (1 - 0). Let i be (-4)/j*78/12. What is the highest common factor of i and 143?
13
Suppose 3*t - 135 = -0*t. Let j(p) = 3*p**2 + 22*p + 415. Let c be j(-10). Calculate the highest common factor of t and c.
45
Let y be (-2 - -3)*1*3. Suppose 5*s = -2*q - 8, y*q + 8 = -4. Suppose 3*o - 82 - 62 = s. Calculate the greatest common factor of 6 and o.
6
Let x = 14 - 1. Suppose -17*y + m + 232 = -15*y, -4*m - 226 = -2*y. Calculate the highest common factor of x and y.
13
Suppose -2*s - s = 231. Let h = -45 - s. Suppose 16 = 25*m - 21*m. Calculate the greatest common factor of h and m.
4
Suppose -5*d - 2*v + 65 = -0*d, 5*v - 26 = -2*d. Let w = d - 10. Calculate the highest common divisor of w and 15.
3
Suppose 25*t - 4*k = 21*t + 1208, -898 = -3*t - 5*k. Calculate the greatest common factor of 129 and t.
43
Let c = 151 + 108. Calculate the highest common divisor of c and 74.
37
Let c = 805 + -550. Let m = -145 + c. Let h = -24 - -34. What is the highest common divisor of m and h?
10
Let q(z) = 13*z**2 + 8*z + 7. Suppose -7*t - 18 = -t. Let s be q(t). What is the highest common divisor of 25 and s?
25
Suppose 3*k = -33 - 27. Let w = 32 + k. Calculate the greatest common factor of 96 and w.
12
Let v = 236 - 224. Calculate the gre